ulate the greatest common factor of 826936 and 3080.
88
Calculate the highest common divisor of 4901207 and 329.
47
Calculate the highest common divisor of 1110 and 28664418.
222
Calculate the greatest common factor of 11869526 and 159877.
1073
Calculate the highest common divisor of 14656 and 3392.
64
What is the highest common factor of 2 and 1057942?
2
What is the greatest common divisor of 42494337 and 37683?
711
What is the highest common divisor of 2128 and 1472975?
133
What is the greatest common divisor of 31620 and 119373405?
7905
What is the highest common factor of 660374 and 1091948?
286
Calculate the highest common factor of 420 and 580660.
20
Calculate the highest common factor of 37908186 and 138.
138
Calculate the greatest common divisor of 4554134 and 11128.
2782
Calculate the highest common divisor of 5236 and 54965624.
476
Calculate the highest common divisor of 20925 and 7459065.
1395
What is the greatest common divisor of 90805 and 4675385?
715
What is the greatest common factor of 6097 and 6472401?
871
Calculate the greatest common factor of 658717 and 559.
43
What is the highest common divisor of 15657 and 2953647?
921
What is the greatest common divisor of 206 and 5468167?
103
Calculate the highest common divisor of 16329408 and 8640.
192
Calculate the greatest common divisor of 2561844 and 228600.
1524
Calculate the highest common divisor of 300 and 173150.
50
What is the greatest common divisor of 45 and 1030885?
5
What is the highest common divisor of 1355436550 and 2600?
650
Calculate the greatest common divisor of 1111147 and 962.
37
Calculate the highest common divisor of 45 and 32802285.
15
What is the greatest common divisor of 142370085 and 759?
33
Calculate the greatest common factor of 58 and 260084557.
29
Calculate the highest common factor of 4275532 and 2020.
404
What is the highest common factor of 4852 and 13125873?
1213
Calculate the greatest common divisor of 19145071 and 176.
11
What is the highest common factor of 2772 and 4550832?
396
Calculate the greatest common divisor of 56945813 and 239.
239
What is the greatest common divisor of 2193 and 8811216?
129
What is the greatest common divisor of 7400 and 1752875?
925
What is the greatest common factor of 5995 and 2821720?
55
What is the greatest common divisor of 448 and 128455376?
112
What is the highest common divisor of 57503626 and 948?
158
Calculate the greatest common factor of 39463 and 17023867.
589
Calculate the greatest common divisor of 426802998 and 201.
201
Calculate the greatest common divisor of 1892 and 3254636.
44
Calculate the greatest common divisor of 20525 and 75888314.
821
What is the highest common factor of 2736 and 373851?
9
What is the greatest common divisor of 76 and 107424404?
76
What is the greatest common factor of 3010 and 22317?
43
Calculate the greatest common factor of 15963596 and 492.
164
What is the highest common divisor of 3962 and 117169924?
566
What is the greatest common divisor of 3790 and 5706982?
758
Calculate the greatest common factor of 184 and 508438.
46
Calculate the highest common factor of 116050 and 1056.
22
What is the highest common factor of 3769097 and 2702?
193
Calculate the highest common factor of 550467918 and 42.
42
What is the greatest common divisor of 1221 and 200391?
3
Calculate the greatest common divisor of 1710 and 2371140.
90
Calculate the greatest common divisor of 55907684 and 15715.
3143
What is the highest common factor of 262164 and 7406?
14
Calculate the highest common divisor of 436 and 255398554.
218
Calculate the greatest common factor of 1356 and 612078.
6
What is the greatest common factor of 7474960 and 29882?
446
What is the greatest common divisor of 1881976 and 29360?
2936
Calculate the highest common factor of 3664 and 2336.
16
What is the greatest common factor of 144817318 and 422?
422
Calculate the highest common factor of 25783 and 64893097.
1357
Calculate the highest common divisor of 56 and 1406734.
14
Calculate the greatest common factor of 2 and 136898.
2
What is the greatest common divisor of 8579 and 365447?
23
What is the highest common factor of 1681668 and 163530?
414
What is the highest common divisor of 1070260 and 229864?
236
Calculate the highest common factor of 27684081 and 423.
423
What is the highest common factor of 512 and 374446?
2
Calculate the highest common factor of 11060 and 11893420.
140
What is the greatest common factor of 4304 and 1606672?
16
Calculate the highest common divisor of 3781452 and 534.
6
Calculate the greatest common factor of 808 and 4900924.
404
What is the highest common divisor of 232 and 128008?
8
Calculate the greatest common divisor of 9728 and 2715136.
512
What is the highest common factor of 8577 and 318864270?
2859
Calculate the greatest common factor of 8089153 and 4016517.
8017
Calculate the highest common divisor of 99 and 7358329.
11
Calculate the greatest common factor of 928 and 6281603.
29
Calculate the highest common factor of 238846 and 28786.
778
Calculate the highest common factor of 3410 and 58940145.
1705
Calculate the greatest common divisor of 96684549 and 8697.
8697
Calculate the highest common divisor of 93921390 and 108.
54
Calculate the highest common divisor of 5078 and 141163322.
5078
Calculate the greatest common factor of 38 and 6574779.
19
Calculate the highest common divisor of 437570 and 3283.
49
What is the greatest common factor of 1201020 and 2388515?
2705
Calculate the greatest common factor of 6477970 and 13762.
1966
What is the greatest common divisor of 17730542 and 10846?
58
Calculate the highest common divisor of 74898 and 3798.
18
Calculate the highest common divisor of 39699 and 4438268.
401
What is the greatest common factor of 2132429 and 13039?
221
What is the highest common factor of 25180939 and 7?
7
What is the greatest common divisor of 17 and 7531221?
17
What is the greatest common divisor of 107876 and 6123592?
724
What is the highest common divisor of 4331308 and 4897?
59
Calculate the highest common divisor of 2788328 and 32472.
328
What is the greatest common divisor of 50197574 and 1022?
1022
Calculate the greatest common factor of 10570708 and 1007124.
8188
Calculate the greatest common divisor of 39012635 and 5620.
1405
What is the highest common divisor of 24770854 and 24039?
2671
What is the highest common divisor of 279281 and 2983?
19
What is the greatest common divisor of 114336 and 174?
6
Calculate the greatest common divisor of 87453 and 1062234.
2133
What is the greatest common factor of 105 and 131654895?
15
What is the highest common divisor of 1826 and 473726?
22
What is the greatest common divisor of 65700 and 90360?
180
Calculate the greatest common factor of 34167494 and 1114.
1114
Calculate the highest common factor of 2492460075 and 175.
175
What is the greatest common divisor of 15172 and 56564?
4
What is the greatest common factor of 56 and 2181956?
28
Calculate the greatest common divisor of 492849968 and 1216.
304
What is the greatest common divisor of 49 and 70627081?
49
Calculate the greatest common factor of 1123620932 and 14.
14
Calculate the greatest common factor of 54450 and 73161.
99
What is the highest common factor of 689130654 and 696?
174
What is the greatest common divisor of 12896 and 62836384?
416
What is the highest common divisor of 984 and 71482434?
246
Calculate the greatest common divisor of 532066146 and 417.
417
Calculate the greatest common divisor of 378 and 1586458818.
378
Calculate the greatest common factor of 134773266 and 216978.
7482
Calculate the greatest common factor of 127326237 and 1191.
1191
What is the greatest common divisor of 13442067 and 9?
9
Calculate the greatest common factor of 384669 and 4617.
243
Calculate the highest common divisor of 114599936 and 71218.
10174
What is the highest common divisor of 359117968 and 132?
44
Calculate the highest common factor of 10124 and 100454.
2
What is the highest common divisor of 255095852 and 276?
92
What is the highest common divisor of 344873850 and 600?
150
What is the highest common divisor of 105472256 and 56?
8
Calculate the greatest common divisor of 1508447 and 40934.
97
What is the greatest common divisor of 28 and 243014037?
7
Calculate the 